{"id":20504,"date":"2024-03-19T11:54:19","date_gmt":"2024-03-19T10:54:19","guid":{"rendered":"https:\/\/letelec.ma\/?post_type=product&#038;p=20504"},"modified":"2024-04-19T11:58:04","modified_gmt":"2024-04-19T10:58:04","slug":"cable-souple-u-1000-rv-k","status":"publish","type":"product","link":"https:\/\/letelec.ma\/index.php\/product\/cable-souple-u-1000-rv-k\/","title":{"rendered":"Cable souple U-1000 RV-K"},"content":{"rendered":"<p>C\u00e2ble souple U-1000 RV-K<\/p>\n<ul>\n<li><strong>Type<\/strong> : Souple U1000 RV-K<\/li>\n<li><strong>Couleur<\/strong> : Noir<\/li>\n<li><strong>Tension de service nominale Uo\/U<\/strong> : 600 \/ 1000 V<\/li>\n<\/ul>\n","protected":false},"excerpt":{"rendered":"<p>Le c\u00e2ble RV-K est destin\u00e9 \u00e0 la distribution \u00e9lectrique et convient \u00e0 tous les types de raccordements \u00e0 basse tension (BT) de type industriel, dont les r\u00e9seaux urbains et les installations du secteur du b\u00e2timent, avec une tension nominale de 600\/1000 V.<\/p>\n","protected":false},"featured_media":20533,"comment_status":"open","ping_status":"closed","template":"","meta":[],"product_brand":[],"product_cat":[404,385],"product_tag":[],"class_list":{"0":"post-20504","1":"product","2":"type-product","3":"status-publish","4":"has-post-thumbnail","6":"product_cat-tous-les-produits","7":"product_cat-cables","9":"first","10":"instock","11":"shipping-taxable","12":"purchasable","13":"product-type-variable"},"yoast_head":"<!-- This site is optimized with the Yoast SEO plugin v26.8 - https:\/\/yoast.com\/product\/yoast-seo-wordpress\/ -->\n<title>Cable souple U-1000 RV-K - LETELEC<\/title>\n<meta name=\"robots\" content=\"index, follow, max-snippet:-1, max-image-preview:large, max-video-preview:-1\" \/>\n<link rel=\"canonical\" href=\"https:\/\/letelec.ma\/index.php\/product\/cable-souple-u-1000-rv-k\/\" \/>\n<meta property=\"og:locale\" content=\"fr_FR\" \/>\n<meta property=\"og:type\" content=\"article\" \/>\n<meta property=\"og:title\" content=\"Cable souple U-1000 RV-K - LETELEC\" \/>\n<meta property=\"og:description\" content=\"Le c\u00e2ble RV-K est destin\u00e9 \u00e0 la distribution \u00e9lectrique et convient \u00e0 tous les types de raccordements \u00e0 basse tension (BT) de type industriel, dont les r\u00e9seaux urbains et les installations du secteur du b\u00e2timent, avec une tension nominale de 600\/1000 V.\" \/>\n<meta property=\"og:url\" content=\"https:\/\/letelec.ma\/index.php\/product\/cable-souple-u-1000-rv-k\/\" \/>\n<meta property=\"og:site_name\" content=\"LETELEC\" \/>\n<meta property=\"article:publisher\" content=\"https:\/\/www.facebook.com\/100063769653208\" \/>\n<meta property=\"article:modified_time\" content=\"2024-04-19T10:58:04+00:00\" \/>\n<meta property=\"og:image\" content=\"https:\/\/letelec.ma\/wp-content\/uploads\/2024\/03\/cable-souple-noir-RV-K.png\" \/>\n\t<meta property=\"og:image:width\" content=\"600\" \/>\n\t<meta property=\"og:image:height\" content=\"600\" \/>\n\t<meta property=\"og:image:type\" content=\"image\/png\" \/>\n<meta name=\"twitter:card\" content=\"summary_large_image\" \/>\n<script type=\"application\/ld+json\" class=\"yoast-schema-graph\">{\"@context\":\"https:\/\/schema.org\",\"@graph\":[{\"@type\":\"WebPage\",\"@id\":\"https:\/\/letelec.ma\/index.php\/product\/cable-souple-u-1000-rv-k\/\",\"url\":\"https:\/\/letelec.ma\/index.php\/product\/cable-souple-u-1000-rv-k\/\",\"name\":\"Cable souple U-1000 RV-K - LETELEC\",\"isPartOf\":{\"@id\":\"https:\/\/letelec.ma\/#website\"},\"primaryImageOfPage\":{\"@id\":\"https:\/\/letelec.ma\/index.php\/product\/cable-souple-u-1000-rv-k\/#primaryimage\"},\"image\":{\"@id\":\"https:\/\/letelec.ma\/index.php\/product\/cable-souple-u-1000-rv-k\/#primaryimage\"},\"thumbnailUrl\":\"https:\/\/letelec.ma\/wp-content\/uploads\/2024\/03\/cable-souple-noir-RV-K.png\",\"datePublished\":\"2024-03-19T10:54:19+00:00\",\"dateModified\":\"2024-04-19T10:58:04+00:00\",\"breadcrumb\":{\"@id\":\"https:\/\/letelec.ma\/index.php\/product\/cable-souple-u-1000-rv-k\/#breadcrumb\"},\"inLanguage\":\"fr-FR\",\"potentialAction\":[{\"@type\":\"ReadAction\",\"target\":[\"https:\/\/letelec.ma\/index.php\/product\/cable-souple-u-1000-rv-k\/\"]}]},{\"@type\":\"ImageObject\",\"inLanguage\":\"fr-FR\",\"@id\":\"https:\/\/letelec.ma\/index.php\/product\/cable-souple-u-1000-rv-k\/#primaryimage\",\"url\":\"https:\/\/letelec.ma\/wp-content\/uploads\/2024\/03\/cable-souple-noir-RV-K.png\",\"contentUrl\":\"https:\/\/letelec.ma\/wp-content\/uploads\/2024\/03\/cable-souple-noir-RV-K.png\",\"width\":600,\"height\":600},{\"@type\":\"BreadcrumbList\",\"@id\":\"https:\/\/letelec.ma\/index.php\/product\/cable-souple-u-1000-rv-k\/#breadcrumb\",\"itemListElement\":[{\"@type\":\"ListItem\",\"position\":1,\"name\":\"Accueil\",\"item\":\"https:\/\/letelec.ma\/\"},{\"@type\":\"ListItem\",\"position\":2,\"name\":\"Boutique\",\"item\":\"https:\/\/letelec.ma\/index.php\/boutique\/\"},{\"@type\":\"ListItem\",\"position\":3,\"name\":\"Cable souple U-1000 RV-K\"}]},{\"@type\":\"WebSite\",\"@id\":\"https:\/\/letelec.ma\/#website\",\"url\":\"https:\/\/letelec.ma\/\",\"name\":\"LETELEC\",\"description\":\"Leader de la distribution de mat\u00e9riel \u00e9lectrique\",\"publisher\":{\"@id\":\"https:\/\/letelec.ma\/#organization\"},\"potentialAction\":[{\"@type\":\"SearchAction\",\"target\":{\"@type\":\"EntryPoint\",\"urlTemplate\":\"https:\/\/letelec.ma\/?s={search_term_string}\"},\"query-input\":{\"@type\":\"PropertyValueSpecification\",\"valueRequired\":true,\"valueName\":\"search_term_string\"}}],\"inLanguage\":\"fr-FR\"},{\"@type\":\"Organization\",\"@id\":\"https:\/\/letelec.ma\/#organization\",\"name\":\"LETELEC\",\"url\":\"https:\/\/letelec.ma\/\",\"logo\":{\"@type\":\"ImageObject\",\"inLanguage\":\"fr-FR\",\"@id\":\"https:\/\/letelec.ma\/#\/schema\/logo\/image\/\",\"url\":\"https:\/\/letelec.ma\/wp-content\/uploads\/2023\/10\/cropped-logo-png-high-Res.png\",\"contentUrl\":\"https:\/\/letelec.ma\/wp-content\/uploads\/2023\/10\/cropped-logo-png-high-Res.png\",\"width\":512,\"height\":512,\"caption\":\"LETELEC\"},\"image\":{\"@id\":\"https:\/\/letelec.ma\/#\/schema\/logo\/image\/\"},\"sameAs\":[\"https:\/\/www.facebook.com\/100063769653208\",\"https:\/\/www.instagram.com\/letelec_\/\"]}]}<\/script>\n<!-- \/ Yoast SEO plugin. -->","yoast_head_json":{"title":"Cable souple U-1000 RV-K - LETELEC","robots":{"index":"index","follow":"follow","max-snippet":"max-snippet:-1","max-image-preview":"max-image-preview:large","max-video-preview":"max-video-preview:-1"},"canonical":"https:\/\/letelec.ma\/index.php\/product\/cable-souple-u-1000-rv-k\/","og_locale":"fr_FR","og_type":"article","og_title":"Cable souple U-1000 RV-K - LETELEC","og_description":"Le c\u00e2ble RV-K est destin\u00e9 \u00e0 la distribution \u00e9lectrique et convient \u00e0 tous les types de raccordements \u00e0 basse tension (BT) de type industriel, dont les r\u00e9seaux urbains et les installations du secteur du b\u00e2timent, avec une tension nominale de 600\/1000 V.","og_url":"https:\/\/letelec.ma\/index.php\/product\/cable-souple-u-1000-rv-k\/","og_site_name":"LETELEC","article_publisher":"https:\/\/www.facebook.com\/100063769653208","article_modified_time":"2024-04-19T10:58:04+00:00","og_image":[{"width":600,"height":600,"url":"https:\/\/letelec.ma\/wp-content\/uploads\/2024\/03\/cable-souple-noir-RV-K.png","type":"image\/png"}],"twitter_card":"summary_large_image","schema":{"@context":"https:\/\/schema.org","@graph":[{"@type":"WebPage","@id":"https:\/\/letelec.ma\/index.php\/product\/cable-souple-u-1000-rv-k\/","url":"https:\/\/letelec.ma\/index.php\/product\/cable-souple-u-1000-rv-k\/","name":"Cable souple U-1000 RV-K - LETELEC","isPartOf":{"@id":"https:\/\/letelec.ma\/#website"},"primaryImageOfPage":{"@id":"https:\/\/letelec.ma\/index.php\/product\/cable-souple-u-1000-rv-k\/#primaryimage"},"image":{"@id":"https:\/\/letelec.ma\/index.php\/product\/cable-souple-u-1000-rv-k\/#primaryimage"},"thumbnailUrl":"https:\/\/letelec.ma\/wp-content\/uploads\/2024\/03\/cable-souple-noir-RV-K.png","datePublished":"2024-03-19T10:54:19+00:00","dateModified":"2024-04-19T10:58:04+00:00","breadcrumb":{"@id":"https:\/\/letelec.ma\/index.php\/product\/cable-souple-u-1000-rv-k\/#breadcrumb"},"inLanguage":"fr-FR","potentialAction":[{"@type":"ReadAction","target":["https:\/\/letelec.ma\/index.php\/product\/cable-souple-u-1000-rv-k\/"]}]},{"@type":"ImageObject","inLanguage":"fr-FR","@id":"https:\/\/letelec.ma\/index.php\/product\/cable-souple-u-1000-rv-k\/#primaryimage","url":"https:\/\/letelec.ma\/wp-content\/uploads\/2024\/03\/cable-souple-noir-RV-K.png","contentUrl":"https:\/\/letelec.ma\/wp-content\/uploads\/2024\/03\/cable-souple-noir-RV-K.png","width":600,"height":600},{"@type":"BreadcrumbList","@id":"https:\/\/letelec.ma\/index.php\/product\/cable-souple-u-1000-rv-k\/#breadcrumb","itemListElement":[{"@type":"ListItem","position":1,"name":"Accueil","item":"https:\/\/letelec.ma\/"},{"@type":"ListItem","position":2,"name":"Boutique","item":"https:\/\/letelec.ma\/index.php\/boutique\/"},{"@type":"ListItem","position":3,"name":"Cable souple U-1000 RV-K"}]},{"@type":"WebSite","@id":"https:\/\/letelec.ma\/#website","url":"https:\/\/letelec.ma\/","name":"LETELEC","description":"Leader de la distribution de mat\u00e9riel \u00e9lectrique","publisher":{"@id":"https:\/\/letelec.ma\/#organization"},"potentialAction":[{"@type":"SearchAction","target":{"@type":"EntryPoint","urlTemplate":"https:\/\/letelec.ma\/?s={search_term_string}"},"query-input":{"@type":"PropertyValueSpecification","valueRequired":true,"valueName":"search_term_string"}}],"inLanguage":"fr-FR"},{"@type":"Organization","@id":"https:\/\/letelec.ma\/#organization","name":"LETELEC","url":"https:\/\/letelec.ma\/","logo":{"@type":"ImageObject","inLanguage":"fr-FR","@id":"https:\/\/letelec.ma\/#\/schema\/logo\/image\/","url":"https:\/\/letelec.ma\/wp-content\/uploads\/2023\/10\/cropped-logo-png-high-Res.png","contentUrl":"https:\/\/letelec.ma\/wp-content\/uploads\/2023\/10\/cropped-logo-png-high-Res.png","width":512,"height":512,"caption":"LETELEC"},"image":{"@id":"https:\/\/letelec.ma\/#\/schema\/logo\/image\/"},"sameAs":["https:\/\/www.facebook.com\/100063769653208","https:\/\/www.instagram.com\/letelec_\/"]}]}},"_links":{"self":[{"href":"https:\/\/letelec.ma\/index.php\/wp-json\/wp\/v2\/product\/20504","targetHints":{"allow":["GET"]}}],"collection":[{"href":"https:\/\/letelec.ma\/index.php\/wp-json\/wp\/v2\/product"}],"about":[{"href":"https:\/\/letelec.ma\/index.php\/wp-json\/wp\/v2\/types\/product"}],"replies":[{"embeddable":true,"href":"https:\/\/letelec.ma\/index.php\/wp-json\/wp\/v2\/comments?post=20504"}],"version-history":[{"count":2,"href":"https:\/\/letelec.ma\/index.php\/wp-json\/wp\/v2\/product\/20504\/revisions"}],"predecessor-version":[{"id":22207,"href":"https:\/\/letelec.ma\/index.php\/wp-json\/wp\/v2\/product\/20504\/revisions\/22207"}],"wp:featuredmedia":[{"embeddable":true,"href":"https:\/\/letelec.ma\/index.php\/wp-json\/wp\/v2\/media\/20533"}],"wp:attachment":[{"href":"https:\/\/letelec.ma\/index.php\/wp-json\/wp\/v2\/media?parent=20504"}],"wp:term":[{"taxonomy":"product_brand","embeddable":true,"href":"https:\/\/letelec.ma\/index.php\/wp-json\/wp\/v2\/product_brand?post=20504"},{"taxonomy":"product_cat","embeddable":true,"href":"https:\/\/letelec.ma\/index.php\/wp-json\/wp\/v2\/product_cat?post=20504"},{"taxonomy":"product_tag","embeddable":true,"href":"https:\/\/letelec.ma\/index.php\/wp-json\/wp\/v2\/product_tag?post=20504"}],"curies":[{"name":"wp","href":"https:\/\/api.w.org\/{rel}","templated":true}]}}